{"id":2907,"date":"2021-08-13T17:42:32","date_gmt":"2021-08-13T15:42:32","guid":{"rendered":"http:\/\/www.mein-tagwerk.de\/tagwerk\/?page_id=2907"},"modified":"2022-05-14T14:37:41","modified_gmt":"2022-05-14T12:37:41","slug":"stundensatz-berechnen-deine-freiberufliche-taetigkeit","status":"publish","type":"page","link":"https:\/\/www.mein-tagwerk.de\/tagwerk\/stundensatz-berechnen-deine-freiberufliche-taetigkeit\/","title":{"rendered":"Stundensatz berechnen"},"content":{"rendered":"<h1><\/h1>\n<h1>Stundensatz berechnen f\u00fcr Deine freiberufliche T\u00e4tigkeit.<\/h1>\n<h3><\/h3>\n<h2><strong>Den Stundensatz zu berechnen stellt die Grundlage f\u00fcr die Planung Deiner Einnahmen f\u00fcr Deine freiberufliche T\u00e4tigkeit dar . <\/strong>Egal ob Freiberufler, Freelancer, Programmierer oder Webdesigner. Die 5 wichtigsten Schritte in der PDF \u00dcbersicht:<\/h2>\n<p>&nbsp;<\/p>\n<p><a href=\"\/tagwerk\/wp-content\/uploads\/2015\/02\/Stundensatz-berechnen-\u2013-Die-5-wichtigsten-Schritte-fuer-Freiberufler-und-Selbststaendige.pdf\" target=\"_blank\" rel=\"noopener noreferrer\"><img loading=\"lazy\" decoding=\"async\" class=\"sub-page-image-1 alignleft wp-image-3622\" src=\"http:\/\/91.250.96.11\/tagwerk\/wp-content\/uploads\/2015\/02\/Vorschaubild_PDF_Stundensatz-2.png\" rel='prettyPhoto' alt=\"Stundensatz berechnen mit mein tagwerk\" width=\"400\" height=\"561\" srcset=\"https:\/\/www.mein-tagwerk.de\/tagwerk\/wp-content\/uploads\/2015\/02\/Vorschaubild_PDF_Stundensatz-2.png 852w, https:\/\/www.mein-tagwerk.de\/tagwerk\/wp-content\/uploads\/2015\/02\/Vorschaubild_PDF_Stundensatz-2-214x300.png 214w, https:\/\/www.mein-tagwerk.de\/tagwerk\/wp-content\/uploads\/2015\/02\/Vorschaubild_PDF_Stundensatz-2-731x1024.png 731w, https:\/\/www.mein-tagwerk.de\/tagwerk\/wp-content\/uploads\/2015\/02\/Vorschaubild_PDF_Stundensatz-2-768x1076.png 768w, https:\/\/www.mein-tagwerk.de\/tagwerk\/wp-content\/uploads\/2015\/02\/Vorschaubild_PDF_Stundensatz-2-622x872.png 622w\" sizes=\"(max-width: 400px) 100vw, 400px\" \/><\/a><\/p>\n<h3><strong>Stundensatz berechnen \u2013 wieso, weshalb, warum?<\/strong><\/h3>\n<p><strong>Du wirst entweder nach Stunden- oder Tagess\u00e4tzen bezahlt oder vereinbarst einem Festpreis f\u00fcr ein Gewerk. Den Stundensatz zu berechnen zeigt Dir, was eine Arbeitsstunde kostet und was sie einbringen muss, damit Du als Gr\u00fcnder, Freiberufler, Freelancer oder freier Selbst\u00e4ndiger bestehen kannst. <\/strong><\/p>\n<h3><\/h3>\n<p>&nbsp;<\/p>\n<h3>Wie soll ich anfangen?<\/h3>\n<p>Eine wichtige Voraussetzung um den Stundensatz zu berechnen, ist die Vollkostenrechnung oder die Zusammenstellung der Betriebskosten. Wichtig, um kurzfristige Schwankungen auszugleichen, ist die Betrachtung Deiner aktuellen Kosten \u00fcber eine l\u00e4ngere Zeit, zum Beispiel einen zw\u00f6lfmonatigen Zeitraum. Freelancer m\u00fcssen mit Sch\u00e4tzungen arbeiten, da ihnen bei Start ihrer Selbst\u00e4ndigkeit noch keine Daten aus vergangenen Gesch\u00e4ftsjahren vorliegen. Allgemeine Tipps f\u00fcr Deine Selbstst\u00e4ndigkeit als Freiberufler erh\u00e4ltst auch auf der Seite des <span style=\"color: #808080;\"><a style=\"color: #808080;\" href=\"http:\/\/www.existenzgruender.de\/DE\/Weg-in-die-Selbstaendigkeit\/inhalt.html\" target=\"_blank\" rel=\"noopener noreferrer\">Bundesministerium f\u00fcr Wirtschaft.<\/a><\/span><\/p>\n<p>&nbsp;<\/p>\n<h3>Stundensatz berechnen \u2013 worauf muss ich achten?<\/h3>\n<p>Was muss meine Dienstleistung oder mein Service kosten, damit sich der Start in die eigene Existenz lohnt? Eine schwierige Frage f\u00fcr Gr\u00fcnder und Freiberufler die Ihre Selbst\u00e4ndigkeit planen. Wer es zu Beginn der Selbst\u00e4ndigkeit zum Beispiel als Programmierer oder Webdesigner vernachl\u00e4ssigt die Kosten und Aufw\u00e4nde zusammen zu stellen, l\u00e4uft Gefahr auf lange Sicht in die Insolvenz zu rutschen. Die M\u00fche wird sich lohnen, auch bei Verhandlungen mit dem Kunden ist es ein gro\u00dfer Vorteil, die Kosten, Aufw\u00e4nde und Ziele seiner Dienstleistung zu kennen und zu vertreten.<\/p>\n<div style=\"width: 100%; padding-top: 30px;\" align=\"left\">\n<p class=\"block-wrap\" style=\"width: 300px;\"><a class=\"blogmore\" href=\"\/tagwerk\/wp-content\/uploads\/2015\/02\/Stundensatz-berechnen-\u2013-Die-5-wichtigsten-Schritte-fuer-Freiberufler-und-Selbststaendige.pdf\" target=\"_blank\" rel=\"noopener noreferrer\">PDF Anleitung downloaden!<\/a><\/p>\n<p class=\"block-wrap\" style=\"width: 300px;\">\n<\/div>\n<h3><\/h3>\n<p>&nbsp;<\/p>\n<h3>Welche Daten brauche ich?<\/h3>\n<p>Den Stundensatz berechnen sollte alle Kosten umfassen, die Du als Freiberufler dem Kunden nicht gesondert in Rechnung stellen kannst. Welche das sind, h\u00e4ngt von der Art Deiner Dienstleistung und Deiner T\u00e4tigkeit ab. Als Webdesigner oder Programmierer hast Du keine umfangreichen Materialkosten die Du in Rechnung stellen wirst. Es sind also eher die laufenden Kosten zu beachten. Fahrtkosten wiederum k\u00f6nnen dem Kunden meist gesondert in der Rechnung gestellt werden. Zusammengefasst kann man sagen, alle Kosten die sowohl projektbezogen oder f\u00fcr die Aus\u00fcbung deiner T\u00e4tigkeit anfallen und nicht dem Kunden gesondert in Rechnung gestellt werden geh\u00f6ren dazu, den Stundensatz zu berechnen.<\/p>\n<p>&nbsp;<\/p>\n<h3>Welche Rolle spielt die Auslastung?<\/h3>\n<p>Ein wichtiger Aspekt ist die Auslastung. Du wirst nie 100% Deiner Stunden verkaufen k\u00f6nnen. Wenn Du eine Quote von 75% erreichst bist Du bereits Weltklasse! Zu Beginn Deiner freiberuflichen T\u00e4tigkeit solltest Du besser von 25% Auslastung ausgehen, wenn Du Deinen Stundensatz berechnen willst. Mit der Zeit wird die Quote steigen, zu Anfang ist jedoch der Aufwand f\u00fcr Akquise, Recherche und Aufbau Deiner Kontakte sehr hoch und sollte nicht untersch\u00e4tzt werden. Das heisst im Klartext, eine bezahlte Stunde muss zwei unbezahlte Stunden mittragen und ausgleichen.<\/p>\n<p>&nbsp;<\/p>\n<h3>Stundensatz berechnen \u2013 leicht gemacht!<\/h3>\n<p>Bevor Du mit Excel oder Deinem Taschenrechner komplizierte Rechnungen anstellst, probiere unseren Stundensatzrechner aus um Deinen Stundensatz zu berechnen. Kostenlos und unverbindlich, Du erh\u00e4ltst sogar eine Auswertung auf Jahresbasis.<\/p>\n<div style=\"width: 100%; padding-top: 30px;\" align=\"left\">\n<p class=\"block-wrap\" style=\"width: 300px;\"><a class=\"blogmore\" href=\"https:\/\/www.mein-tagwerk.de\/tagwerk\/campus\/anmelden\/\"> Zum Stundensatzrechner<\/a><\/p>\n<div style=\"width: 100%; padding-top: 30px;\" align=\"left\"><\/div>\n<div style=\"width: 100%; padding-top: 30px;\" align=\"left\">\n<h4>Weitere Leistungen<\/h4>\n<h4 class=\"sub-page-list-1\"><span style=\"color: #679a2b;\"><div class=\"threecol-one\"><a style=\"color: #679a2b;\" href=\"https:\/\/www.mein-tagwerk.de\/tagwerk\/buchhaltungssoftware\/\">Buchhaltungssoftware<\/a><\/div> <div class=\"threecol-one\"><a style=\"color: #679a2b;\" href=\"https:\/\/www.mein-tagwerk.de\/tagwerk\/stundensatz-berechnen-deine-freiberufliche-taetigkeit\/\">Stundensatz berechnen<\/a><\/div> <div class=\"threecol-one last\"><a style=\"color: #679a2b;\" href=\"https:\/\/www.mein-tagwerk.de\/tagwerk\/einnahmenueberschussrechnung-einnahmen-ueberschuss-rechnung\">Einnahmen\u00fcberschussrechnung <\/a><\/div><\/span><\/h4>\n<h4 class=\"sub-page-list-1\"><span style=\"color: #679a2b;\"><div class=\"threecol-one\"><a style=\"color: #679a2b;\" href=\"https:\/\/www.mein-tagwerk.de\/tagwerk\/rechnung-online\/\">Rechnung online<\/a><\/div> <div class=\"threecol-one\"><a style=\"color: #679a2b;\" href=\"https:\/\/www.mein-tagwerk.de\/tagwerk\/angebote-kalkulieren\/\">Angebote kalkulieren<\/a><\/div> <div class=\"threecol-one last\"><a style=\"color: #679a2b;\" href=\"https:\/\/www.mein-tagwerk.de\/tagwerk\/umsatzsteuervoranmeldung\/\">Umsatzsteuervoranmeldung<\/a><\/div> <\/span><\/h4>\n<h4 class=\"sub-page-list-1\"><span style=\"color: #679a2b;\"><div class=\"threecol-one\"><a style=\"color: #679a2b;\" href=\"https:\/\/www.mein-tagwerk.de\/tagwerk\/zeiterfassung-online\/\">Zeiterfassung<\/a><\/div> <div class=\"threecol-one\"><a style=\"color: #679a2b;\" href=\"https:\/\/www.mein-tagwerk.de\/tagwerk\/reisekostenabrechnung\/\">Reisekostenabrechnung<\/a><\/div> <div class=\"threecol-one last\"><a style=\"color: #679a2b;\" href=\"https:\/\/www.mein-tagwerk.de\/tagwerk\/belege-erfassen-app\/\">Belege erfassen<\/a><\/div> <\/span><\/h4>\n<\/div>\n<p>&nbsp;<\/p>\n<\/div>\n","protected":false},"excerpt":{"rendered":"<p>Stundensatz berechnen f\u00fcr Deine freiberufliche T\u00e4tigkeit. Den Stundensatz zu berechnen stellt die Grundlage f\u00fcr die Planung Deiner Einnahmen f\u00fcr Deine freiberufliche T\u00e4tigkeit dar . Egal ob Freiberufler, Freelancer, Programmierer oder Webdesigner. Die 5 wichtigsten Schritte in der PDF \u00dcbersicht: &nbsp; Stundensatz berechnen \u2013 wieso, weshalb, warum? Du wirst entweder nach Stunden- oder Tagess\u00e4tzen bezahlt oder [&#038;hellip<\/p>\n","protected":false},"author":4,"featured_media":2975,"parent":0,"menu_order":0,"comment_status":"open","ping_status":"closed","template":"template-fullwidth.php","meta":{"footnotes":""},"yoast_head":"<!-- This site is optimized with the Yoast SEO plugin v20.4 - https:\/\/yoast.com\/wordpress\/plugins\/seo\/ -->\n<title>Stundensatz berechnen Excel f\u00fcr selbstst\u00e4ndige, freiberufliche T\u00e4tigkeit<\/title>\n<meta name=\"description\" content=\"Stundensatz berechnen Excel f\u00fcr Deine selbstst\u00e4ndige, freiberufliche T\u00e4tigkeit. Egal ob Freiberufler, Freelancer oder Kleinunternehmer.\" \/>\n<meta name=\"robots\" content=\"index, follow, max-snippet:-1, max-image-preview:large, max-video-preview:-1\" \/>\n<link rel=\"canonical\" href=\"https:\/\/www.mein-tagwerk.de\/tagwerk\/stundensatz-berechnen-deine-freiberufliche-taetigkeit\/\" \/>\n<meta property=\"og:locale\" content=\"de_DE\" \/>\n<meta property=\"og:type\" content=\"article\" \/>\n<meta property=\"og:title\" content=\"Stundensatz berechnen Excel f\u00fcr selbstst\u00e4ndige, freiberufliche T\u00e4tigkeit\" \/>\n<meta property=\"og:description\" content=\"Stundensatz berechnen Excel f\u00fcr Deine selbstst\u00e4ndige, freiberufliche T\u00e4tigkeit. Egal ob Freiberufler, Freelancer oder Kleinunternehmer.\" \/>\n<meta property=\"og:url\" content=\"https:\/\/www.mein-tagwerk.de\/tagwerk\/stundensatz-berechnen-deine-freiberufliche-taetigkeit\/\" \/>\n<meta property=\"og:site_name\" content=\"meintagwerk\" \/>\n<meta property=\"article:modified_time\" content=\"2022-05-14T12:37:41+00:00\" \/>\n<meta property=\"og:image\" content=\"https:\/\/www.mein-tagwerk.de\/tagwerk\/wp-content\/uploads\/2015\/02\/Stundensatz-berechnen-\u2013-Die-5-wichtigsten-Schritte-fuer-Freiberufler-und-Selbststaendige.png\" \/>\n\t<meta property=\"og:image:width\" content=\"1081\" \/>\n\t<meta property=\"og:image:height\" content=\"672\" \/>\n\t<meta property=\"og:image:type\" content=\"image\/png\" \/>\n<meta name=\"twitter:card\" content=\"summary_large_image\" \/>\n<meta name=\"twitter:label1\" content=\"Gesch\u00e4tzte Lesezeit\" \/>\n\t<meta name=\"twitter:data1\" content=\"3\u00a0Minuten\" \/>\n<script type=\"application\/ld+json\" class=\"yoast-schema-graph\">{\"@context\":\"https:\/\/schema.org\",\"@graph\":[{\"@type\":\"WebPage\",\"@id\":\"https:\/\/www.mein-tagwerk.de\/tagwerk\/stundensatz-berechnen-deine-freiberufliche-taetigkeit\/\",\"url\":\"https:\/\/www.mein-tagwerk.de\/tagwerk\/stundensatz-berechnen-deine-freiberufliche-taetigkeit\/\",\"name\":\"Stundensatz berechnen Excel f\u00fcr selbstst\u00e4ndige, freiberufliche T\u00e4tigkeit\",\"isPartOf\":{\"@id\":\"https:\/\/www.mein-tagwerk.de\/tagwerk\/#website\"},\"datePublished\":\"2021-08-13T15:42:32+00:00\",\"dateModified\":\"2022-05-14T12:37:41+00:00\",\"description\":\"Stundensatz berechnen Excel f\u00fcr Deine selbstst\u00e4ndige, freiberufliche T\u00e4tigkeit. Egal ob Freiberufler, Freelancer oder Kleinunternehmer.\",\"breadcrumb\":{\"@id\":\"https:\/\/www.mein-tagwerk.de\/tagwerk\/stundensatz-berechnen-deine-freiberufliche-taetigkeit\/#breadcrumb\"},\"inLanguage\":\"de\",\"potentialAction\":[{\"@type\":\"ReadAction\",\"target\":[\"https:\/\/www.mein-tagwerk.de\/tagwerk\/stundensatz-berechnen-deine-freiberufliche-taetigkeit\/\"]}]},{\"@type\":\"BreadcrumbList\",\"@id\":\"https:\/\/www.mein-tagwerk.de\/tagwerk\/stundensatz-berechnen-deine-freiberufliche-taetigkeit\/#breadcrumb\",\"itemListElement\":[{\"@type\":\"ListItem\",\"position\":1,\"name\":\"Home\",\"item\":\"https:\/\/www.mein-tagwerk.de\/tagwerk\/\"},{\"@type\":\"ListItem\",\"position\":2,\"name\":\"Stundensatz berechnen\"}]},{\"@type\":\"WebSite\",\"@id\":\"https:\/\/www.mein-tagwerk.de\/tagwerk\/#website\",\"url\":\"https:\/\/www.mein-tagwerk.de\/tagwerk\/\",\"name\":\"meintagwerk\",\"description\":\"Online Buchhaltung f\u00fcr Freiberufler, Freelancer und Selbst\u00e4ndige\",\"publisher\":{\"@id\":\"https:\/\/www.mein-tagwerk.de\/tagwerk\/#organization\"},\"potentialAction\":[{\"@type\":\"SearchAction\",\"target\":{\"@type\":\"EntryPoint\",\"urlTemplate\":\"https:\/\/www.mein-tagwerk.de\/tagwerk\/?s={search_term_string}\"},\"query-input\":\"required name=search_term_string\"}],\"inLanguage\":\"de\"},{\"@type\":\"Organization\",\"@id\":\"https:\/\/www.mein-tagwerk.de\/tagwerk\/#organization\",\"name\":\"tagwerk\",\"url\":\"https:\/\/www.mein-tagwerk.de\/tagwerk\/\",\"logo\":{\"@type\":\"ImageObject\",\"inLanguage\":\"de\",\"@id\":\"https:\/\/www.mein-tagwerk.de\/tagwerk\/#\/schema\/logo\/image\/\",\"url\":\"https:\/\/www.mein-tagwerk.de\/tagwerk\/wp-content\/uploads\/2013\/08\/130611_logo-tagwerk-corporate.png\",\"contentUrl\":\"https:\/\/www.mein-tagwerk.de\/tagwerk\/wp-content\/uploads\/2013\/08\/130611_logo-tagwerk-corporate.png\",\"width\":328,\"height\":140,\"caption\":\"tagwerk\"},\"image\":{\"@id\":\"https:\/\/www.mein-tagwerk.de\/tagwerk\/#\/schema\/logo\/image\/\"}}]}<\/script>\n<!-- \/ Yoast SEO plugin. -->","yoast_head_json":{"title":"Stundensatz berechnen Excel f\u00fcr selbstst\u00e4ndige, freiberufliche T\u00e4tigkeit","description":"Stundensatz berechnen Excel f\u00fcr Deine selbstst\u00e4ndige, freiberufliche T\u00e4tigkeit. Egal ob Freiberufler, Freelancer oder Kleinunternehmer.","robots":{"index":"index","follow":"follow","max-snippet":"max-snippet:-1","max-image-preview":"max-image-preview:large","max-video-preview":"max-video-preview:-1"},"canonical":"https:\/\/www.mein-tagwerk.de\/tagwerk\/stundensatz-berechnen-deine-freiberufliche-taetigkeit\/","og_locale":"de_DE","og_type":"article","og_title":"Stundensatz berechnen Excel f\u00fcr selbstst\u00e4ndige, freiberufliche T\u00e4tigkeit","og_description":"Stundensatz berechnen Excel f\u00fcr Deine selbstst\u00e4ndige, freiberufliche T\u00e4tigkeit. Egal ob Freiberufler, Freelancer oder Kleinunternehmer.","og_url":"https:\/\/www.mein-tagwerk.de\/tagwerk\/stundensatz-berechnen-deine-freiberufliche-taetigkeit\/","og_site_name":"meintagwerk","article_modified_time":"2022-05-14T12:37:41+00:00","og_image":[{"width":1081,"height":672,"url":"https:\/\/www.mein-tagwerk.de\/tagwerk\/wp-content\/uploads\/2015\/02\/Stundensatz-berechnen-\u2013-Die-5-wichtigsten-Schritte-fuer-Freiberufler-und-Selbststaendige.png","type":"image\/png"}],"twitter_card":"summary_large_image","twitter_misc":{"Gesch\u00e4tzte Lesezeit":"3\u00a0Minuten"},"schema":{"@context":"https:\/\/schema.org","@graph":[{"@type":"WebPage","@id":"https:\/\/www.mein-tagwerk.de\/tagwerk\/stundensatz-berechnen-deine-freiberufliche-taetigkeit\/","url":"https:\/\/www.mein-tagwerk.de\/tagwerk\/stundensatz-berechnen-deine-freiberufliche-taetigkeit\/","name":"Stundensatz berechnen Excel f\u00fcr selbstst\u00e4ndige, freiberufliche T\u00e4tigkeit","isPartOf":{"@id":"https:\/\/www.mein-tagwerk.de\/tagwerk\/#website"},"datePublished":"2021-08-13T15:42:32+00:00","dateModified":"2022-05-14T12:37:41+00:00","description":"Stundensatz berechnen Excel f\u00fcr Deine selbstst\u00e4ndige, freiberufliche T\u00e4tigkeit. Egal ob Freiberufler, Freelancer oder Kleinunternehmer.","breadcrumb":{"@id":"https:\/\/www.mein-tagwerk.de\/tagwerk\/stundensatz-berechnen-deine-freiberufliche-taetigkeit\/#breadcrumb"},"inLanguage":"de","potentialAction":[{"@type":"ReadAction","target":["https:\/\/www.mein-tagwerk.de\/tagwerk\/stundensatz-berechnen-deine-freiberufliche-taetigkeit\/"]}]},{"@type":"BreadcrumbList","@id":"https:\/\/www.mein-tagwerk.de\/tagwerk\/stundensatz-berechnen-deine-freiberufliche-taetigkeit\/#breadcrumb","itemListElement":[{"@type":"ListItem","position":1,"name":"Home","item":"https:\/\/www.mein-tagwerk.de\/tagwerk\/"},{"@type":"ListItem","position":2,"name":"Stundensatz berechnen"}]},{"@type":"WebSite","@id":"https:\/\/www.mein-tagwerk.de\/tagwerk\/#website","url":"https:\/\/www.mein-tagwerk.de\/tagwerk\/","name":"meintagwerk","description":"Online Buchhaltung f\u00fcr Freiberufler, Freelancer und Selbst\u00e4ndige","publisher":{"@id":"https:\/\/www.mein-tagwerk.de\/tagwerk\/#organization"},"potentialAction":[{"@type":"SearchAction","target":{"@type":"EntryPoint","urlTemplate":"https:\/\/www.mein-tagwerk.de\/tagwerk\/?s={search_term_string}"},"query-input":"required name=search_term_string"}],"inLanguage":"de"},{"@type":"Organization","@id":"https:\/\/www.mein-tagwerk.de\/tagwerk\/#organization","name":"tagwerk","url":"https:\/\/www.mein-tagwerk.de\/tagwerk\/","logo":{"@type":"ImageObject","inLanguage":"de","@id":"https:\/\/www.mein-tagwerk.de\/tagwerk\/#\/schema\/logo\/image\/","url":"https:\/\/www.mein-tagwerk.de\/tagwerk\/wp-content\/uploads\/2013\/08\/130611_logo-tagwerk-corporate.png","contentUrl":"https:\/\/www.mein-tagwerk.de\/tagwerk\/wp-content\/uploads\/2013\/08\/130611_logo-tagwerk-corporate.png","width":328,"height":140,"caption":"tagwerk"},"image":{"@id":"https:\/\/www.mein-tagwerk.de\/tagwerk\/#\/schema\/logo\/image\/"}}]}},"_links":{"self":[{"href":"https:\/\/www.mein-tagwerk.de\/tagwerk\/wp-json\/wp\/v2\/pages\/2907"}],"collection":[{"href":"https:\/\/www.mein-tagwerk.de\/tagwerk\/wp-json\/wp\/v2\/pages"}],"about":[{"href":"https:\/\/www.mein-tagwerk.de\/tagwerk\/wp-json\/wp\/v2\/types\/page"}],"author":[{"embeddable":true,"href":"https:\/\/www.mein-tagwerk.de\/tagwerk\/wp-json\/wp\/v2\/users\/4"}],"replies":[{"embeddable":true,"href":"https:\/\/www.mein-tagwerk.de\/tagwerk\/wp-json\/wp\/v2\/comments?post=2907"}],"version-history":[{"count":5,"href":"https:\/\/www.mein-tagwerk.de\/tagwerk\/wp-json\/wp\/v2\/pages\/2907\/revisions"}],"predecessor-version":[{"id":5536,"href":"https:\/\/www.mein-tagwerk.de\/tagwerk\/wp-json\/wp\/v2\/pages\/2907\/revisions\/5536"}],"wp:featuredmedia":[{"embeddable":true,"href":"https:\/\/www.mein-tagwerk.de\/tagwerk\/wp-json\/wp\/v2\/media\/2975"}],"wp:attachment":[{"href":"https:\/\/www.mein-tagwerk.de\/tagwerk\/wp-json\/wp\/v2\/media?parent=2907"}],"curies":[{"name":"wp","href":"https:\/\/api.w.org\/{rel}","templated":true}]}}