{"id":3506,"date":"2020-04-12T05:01:00","date_gmt":"2020-04-12T03:01:00","guid":{"rendered":"http:\/\/www.mein-tagwerk.de\/tagwerk\/?page_id=3506"},"modified":"2021-12-07T19:54:07","modified_gmt":"2021-12-07T18:54:07","slug":"genial-einfache-buchhaltung","status":"publish","type":"page","link":"https:\/\/www.mein-tagwerk.de\/tagwerk\/","title":{"rendered":"Genial einfache Buchhaltung"},"content":{"rendered":"<h2><span style=\"color: #ffffff;\"><span style=\"vertical-align: inherit;\"><span style=\"vertical-align: inherit;\">Ingeniously simple accounting<\/span><\/span><\/span><\/h2>\n<h3><span style=\"color: #ffffff;\"><span style=\"vertical-align: inherit;\"><span style=\"vertical-align: inherit;\">Our complete offer for your accounting &#8211; online software for self-employed, freelancers and small businesses.<\/span><\/span><\/span><\/h3>\n<div style=\"padding-top: 20px;\"><iframe loading=\"lazy\" src=\"https:\/\/www.mein-tagwerk.de\/app\/pages\/external\/registerMeinTagwerk.xhtml?color=white\" width=\"1024\" height=\"75\"><\/iframe><\/div>\n<div style=\"padding-top: 20px;\"><\/div>\n<div style=\"padding-top: 20px;\"><img loading=\"lazy\" decoding=\"async\" class=\"alignnone wp-image-3514\" src=\"http:\/\/91.250.96.11\/tagwerk\/wp-content\/uploads\/2016\/04\/Auszeichnungen_11-1024x207.jpg\" alt=\"Simple bookkeeping online - Innovative solutions for your bookkeeping - Try it for free\" width=\"1024\" height=\"207\" srcset=\"https:\/\/www.mein-tagwerk.de\/tagwerk\/wp-content\/uploads\/2016\/04\/Auszeichnungen_11-1024x207.jpg 1024w, https:\/\/www.mein-tagwerk.de\/tagwerk\/wp-content\/uploads\/2016\/04\/Auszeichnungen_11-300x61.jpg 300w, https:\/\/www.mein-tagwerk.de\/tagwerk\/wp-content\/uploads\/2016\/04\/Auszeichnungen_11-768x155.jpg 768w, https:\/\/www.mein-tagwerk.de\/tagwerk\/wp-content\/uploads\/2016\/04\/Auszeichnungen_11-1536x310.jpg 1536w, https:\/\/www.mein-tagwerk.de\/tagwerk\/wp-content\/uploads\/2016\/04\/Auszeichnungen_11-2048x414.jpg 2048w, https:\/\/www.mein-tagwerk.de\/tagwerk\/wp-content\/uploads\/2016\/04\/Auszeichnungen_11-622x126.jpg 622w\" sizes=\"(max-width: 1024px) 100vw, 1024px\" \/><\/div>\n<h2 style=\"padding-top: 20px;\"><\/h2>\n<h1 style=\"padding-top: 20px;\"><span style=\"vertical-align: inherit;\"><span style=\"vertical-align: inherit;\">Your accounting? <\/span><span style=\"vertical-align: inherit;\">Fast &amp; easy!<\/span><\/span><\/h1>\n<h5><\/h5>\n<h5><span style=\"vertical-align: inherit;\"><span style=\"vertical-align: inherit;\">Never again nerve with bookkeeping, invoices, taxes, project planning! <\/span><span style=\"vertical-align: inherit;\">Our award-winning accounting software does the work for you and is the ingenious solution for all freelancers, self-employed people and small businesses.<\/span><\/span><\/h5>\n<p><a href=\"http:\/\/91.250.96.11\/tagwerk\/wp-content\/uploads\/2016\/04\/Screens-U\u0308bersicht-meintagwerk_1.jpg\" rel='prettyPhoto'><img loading=\"lazy\" decoding=\"async\" class=\"aligncenter size-large wp-image-3518\" src=\"http:\/\/91.250.96.11\/tagwerk\/wp-content\/uploads\/2016\/04\/Screens-U\u0308bersicht-meintagwerk_1-1024x469.jpg\" alt=\"Simple bookkeeping online - Innovative solutions for your bookkeeping - Try it for free\" width=\"787\" height=\"360\" srcset=\"https:\/\/www.mein-tagwerk.de\/tagwerk\/wp-content\/uploads\/2016\/04\/Screens-U\u0308bersicht-meintagwerk_1-1024x469.jpg 1024w, https:\/\/www.mein-tagwerk.de\/tagwerk\/wp-content\/uploads\/2016\/04\/Screens-U\u0308bersicht-meintagwerk_1-300x137.jpg 300w, https:\/\/www.mein-tagwerk.de\/tagwerk\/wp-content\/uploads\/2016\/04\/Screens-U\u0308bersicht-meintagwerk_1-768x352.jpg 768w, https:\/\/www.mein-tagwerk.de\/tagwerk\/wp-content\/uploads\/2016\/04\/Screens-U\u0308bersicht-meintagwerk_1-622x285.jpg 622w, https:\/\/www.mein-tagwerk.de\/tagwerk\/wp-content\/uploads\/2016\/04\/Screens-U\u0308bersicht-meintagwerk_1.jpg 1408w\" sizes=\"(max-width: 787px) 100vw, 787px\" \/><\/a><\/p>\n<h5><span style=\"vertical-align: inherit;\"><span style=\"vertical-align: inherit;\">\u2022 Income surplus <\/span><\/span><br \/>\n<span style=\"vertical-align: inherit;\"><span style=\"vertical-align: inherit;\">calculation \u2022 <\/span><span style=\"vertical-align: inherit;\">Writing invoices \u2022 Travel expenses \u2022 Offer templates <\/span><span style=\"vertical-align: inherit;\">\u2022 Sales tax advance notification \u2022 Entry of receipts \u2022 Calculation \u2022 Hourly rate<\/span><\/span><\/h5>\n<h5><span style=\"vertical-align: inherit;\"><span style=\"vertical-align: inherit;\">With our all-round carefree package, you no longer need to worry about your finances. <\/span><span style=\"vertical-align: inherit;\">You can keep an eye on your customers and all projects from anywhere and at any time via our app. <\/span><span style=\"vertical-align: inherit;\">With one click, your statement is even forwarded directly to the tax office or your tax advisor.<\/span><\/span><\/h5>\n<h5><\/h5>\n<p><a href=\"http:\/\/91.250.96.11\/tagwerk\/wp-content\/uploads\/2016\/04\/einfache-buchhaltung-frau-meintagwerk1.png\" rel='prettyPhoto'><img loading=\"lazy\" decoding=\"async\" class=\"alignleft wp-image-3526\" src=\"http:\/\/91.250.96.11\/tagwerk\/wp-content\/uploads\/2016\/04\/einfache-buchhaltung-frau-meintagwerk1.png\" alt=\"simple-accounting-wife-my-day-work\" width=\"476\" height=\"432\" srcset=\"https:\/\/www.mein-tagwerk.de\/tagwerk\/wp-content\/uploads\/2016\/04\/einfache-buchhaltung-frau-meintagwerk1.png 623w, https:\/\/www.mein-tagwerk.de\/tagwerk\/wp-content\/uploads\/2016\/04\/einfache-buchhaltung-frau-meintagwerk1-300x273.png 300w\" sizes=\"(max-width: 476px) 100vw, 476px\" \/><\/a><\/p>\n<h1 style=\"padding-left: 510px;\"><span style=\"vertical-align: inherit;\"><span style=\"vertical-align: inherit;\">Ingenious &amp; cheap. <\/span><\/span><br \/>\n<span style=\"vertical-align: inherit;\"><span style=\"vertical-align: inherit;\">Our accounting software for freelancers<\/span><\/span><\/h1>\n<h5 style=\"padding-left: 510px;\"><span style=\"vertical-align: inherit;\"><span style=\"vertical-align: inherit;\">It couldn&#8217;t be easier: as a freelancer and small business owner without an accounting obligation, you can use tagwerk for your entire bookkeeping. <\/span><span style=\"vertical-align: inherit;\">Create invoices online, enter receipts and bookings via mobile app. <\/span><span style=\"vertical-align: inherit;\">Our accounting software creates your income surplus calculation automatically based on your projects and bookings in the background! <\/span><span style=\"vertical-align: inherit;\">And in the project cockpit you have an overview of all your projects, income and expenses at any time and from anywhere using graphics and diagrams. <\/span><span style=\"vertical-align: inherit;\">Try us for free. <\/span><span style=\"vertical-align: inherit;\">And then: For an apple and an egg! <\/span><span style=\"vertical-align: inherit;\">Not even 25 cents a day, and your tax, financial and accounting stress is off the table.<\/span><\/span><\/h5>\n<h5 style=\"padding-left: 510px;\"><\/h5>\n<h5 style=\"padding-left: 510px;\"><span style=\"vertical-align: inherit;\"><span style=\"vertical-align: inherit;\">So that you have time for the important things in life: your projects, your customers, your creativity!<\/span><\/span><\/h5>\n<h3 style=\"text-align: left;\"><span style=\"vertical-align: inherit;\"><span style=\"vertical-align: inherit;\">Try meintagwerk for free. <\/span><span style=\"vertical-align: inherit;\">It&#8217;s worth it, I promise!<\/span><\/span><\/h3>\n<h6 style=\"padding-left: 650px;\"><span class=\"block-wrap\"><a class=\"blogmore\" href=\"\/tagwerk\/campus\/anmelden\/\"><span style=\"vertical-align: inherit;\"><span style=\"vertical-align: inherit;\">Sign up<\/span><\/span><\/a><\/span><\/h6>\n","protected":false},"excerpt":{"rendered":"<p>Ingeniously simple accounting Our complete offer for your accounting &#8211; online software for self-employed, freelancers and small businesses. Your accounting? Fast &amp; easy! Never again nerve with bookkeeping, invoices, taxes, project planning! Our award-winning accounting software does the work for you and is the ingenious solution for all freelancers, self-employed people and small businesses. \u2022 [&#038;hellip<\/p>\n","protected":false},"author":2,"featured_media":0,"parent":0,"menu_order":0,"comment_status":"closed","ping_status":"closed","template":"status\/homepage_alt.php","meta":{"footnotes":""},"yoast_head":"<!-- This site is optimized with the Yoast SEO plugin v20.4 - https:\/\/yoast.com\/wordpress\/plugins\/seo\/ -->\n<title>Online genial einfache Buchhaltungssoftware f\u00fcr Freiberufler<\/title>\n<meta name=\"description\" content=\"Online genial einfache Buchhaltungssoftware f\u00fcr Freiberufler, Selbstst\u00e4ndige and Kleinunternehmen. Experience meintagwerk now. automatisierte\" \/>\n<meta name=\"robots\" content=\"index, follow, max-snippet:-1, max-image-preview:large, max-video-preview:-1\" \/>\n<link rel=\"canonical\" href=\"https:\/\/www.mein-tagwerk.de\/tagwerk\/\" \/>\n<meta property=\"og:locale\" content=\"de_DE\" \/>\n<meta property=\"og:type\" content=\"article\" \/>\n<meta property=\"og:title\" content=\"Online genial einfache Buchhaltungssoftware f\u00fcr Freiberufler\" \/>\n<meta property=\"og:description\" content=\"Online genial einfache Buchhaltungssoftware f\u00fcr Freiberufler, Selbstst\u00e4ndige and Kleinunternehmen. Experience meintagwerk now. automatisierte\" \/>\n<meta property=\"og:url\" content=\"https:\/\/www.mein-tagwerk.de\/tagwerk\/\" \/>\n<meta property=\"og:site_name\" content=\"meintagwerk\" \/>\n<meta property=\"article:modified_time\" content=\"2021-12-07T18:54:07+00:00\" \/>\n<meta property=\"og:image\" content=\"http:\/\/91.250.96.11\/tagwerk\/wp-content\/uploads\/2016\/04\/Auszeichnungen_11-1024x207.jpg\" \/>\n<meta name=\"twitter:card\" content=\"summary_large_image\" \/>\n<meta name=\"twitter:label1\" content=\"Gesch\u00e4tzte Lesezeit\" \/>\n\t<meta name=\"twitter:data1\" content=\"2\u00a0Minuten\" \/>\n<script type=\"application\/ld+json\" class=\"yoast-schema-graph\">{\"@context\":\"https:\/\/schema.org\",\"@graph\":[{\"@type\":\"WebPage\",\"@id\":\"https:\/\/www.mein-tagwerk.de\/tagwerk\/\",\"url\":\"https:\/\/www.mein-tagwerk.de\/tagwerk\/\",\"name\":\"Online genial einfache Buchhaltungssoftware f\u00fcr Freiberufler\",\"isPartOf\":{\"@id\":\"https:\/\/www.mein-tagwerk.de\/tagwerk\/#website\"},\"datePublished\":\"2020-04-12T03:01:00+00:00\",\"dateModified\":\"2021-12-07T18:54:07+00:00\",\"description\":\"Online genial einfache Buchhaltungssoftware f\u00fcr Freiberufler, Selbstst\u00e4ndige and Kleinunternehmen. Experience meintagwerk now. automatisierte\",\"breadcrumb\":{\"@id\":\"https:\/\/www.mein-tagwerk.de\/tagwerk\/#breadcrumb\"},\"inLanguage\":\"de\",\"potentialAction\":[{\"@type\":\"ReadAction\",\"target\":[\"https:\/\/www.mein-tagwerk.de\/tagwerk\/\"]}]},{\"@type\":\"BreadcrumbList\",\"@id\":\"https:\/\/www.mein-tagwerk.de\/tagwerk\/#breadcrumb\",\"itemListElement\":[{\"@type\":\"ListItem\",\"position\":1,\"name\":\"Home\",\"item\":\"https:\/\/www.mein-tagwerk.de\/tagwerk\/\"},{\"@type\":\"ListItem\",\"position\":2,\"name\":\"Genial einfache Buchhaltung\"}]},{\"@type\":\"WebSite\",\"@id\":\"https:\/\/www.mein-tagwerk.de\/tagwerk\/#website\",\"url\":\"https:\/\/www.mein-tagwerk.de\/tagwerk\/\",\"name\":\"meintagwerk\",\"description\":\"Online Buchhaltung f\u00fcr Freiberufler, Freelancer und Selbst\u00e4ndige\",\"publisher\":{\"@id\":\"https:\/\/www.mein-tagwerk.de\/tagwerk\/#organization\"},\"potentialAction\":[{\"@type\":\"SearchAction\",\"target\":{\"@type\":\"EntryPoint\",\"urlTemplate\":\"https:\/\/www.mein-tagwerk.de\/tagwerk\/?s={search_term_string}\"},\"query-input\":\"required name=search_term_string\"}],\"inLanguage\":\"de\"},{\"@type\":\"Organization\",\"@id\":\"https:\/\/www.mein-tagwerk.de\/tagwerk\/#organization\",\"name\":\"tagwerk\",\"url\":\"https:\/\/www.mein-tagwerk.de\/tagwerk\/\",\"logo\":{\"@type\":\"ImageObject\",\"inLanguage\":\"de\",\"@id\":\"https:\/\/www.mein-tagwerk.de\/tagwerk\/#\/schema\/logo\/image\/\",\"url\":\"https:\/\/www.mein-tagwerk.de\/tagwerk\/wp-content\/uploads\/2013\/08\/130611_logo-tagwerk-corporate.png\",\"contentUrl\":\"https:\/\/www.mein-tagwerk.de\/tagwerk\/wp-content\/uploads\/2013\/08\/130611_logo-tagwerk-corporate.png\",\"width\":328,\"height\":140,\"caption\":\"tagwerk\"},\"image\":{\"@id\":\"https:\/\/www.mein-tagwerk.de\/tagwerk\/#\/schema\/logo\/image\/\"}}]}<\/script>\n<!-- \/ Yoast SEO plugin. -->","yoast_head_json":{"title":"Online genial einfache Buchhaltungssoftware f\u00fcr Freiberufler","description":"Online genial einfache Buchhaltungssoftware f\u00fcr Freiberufler, Selbstst\u00e4ndige and Kleinunternehmen. Experience meintagwerk now. automatisierte","robots":{"index":"index","follow":"follow","max-snippet":"max-snippet:-1","max-image-preview":"max-image-preview:large","max-video-preview":"max-video-preview:-1"},"canonical":"https:\/\/www.mein-tagwerk.de\/tagwerk\/","og_locale":"de_DE","og_type":"article","og_title":"Online genial einfache Buchhaltungssoftware f\u00fcr Freiberufler","og_description":"Online genial einfache Buchhaltungssoftware f\u00fcr Freiberufler, Selbstst\u00e4ndige and Kleinunternehmen. Experience meintagwerk now. automatisierte","og_url":"https:\/\/www.mein-tagwerk.de\/tagwerk\/","og_site_name":"meintagwerk","article_modified_time":"2021-12-07T18:54:07+00:00","og_image":[{"url":"http:\/\/91.250.96.11\/tagwerk\/wp-content\/uploads\/2016\/04\/Auszeichnungen_11-1024x207.jpg"}],"twitter_card":"summary_large_image","twitter_misc":{"Gesch\u00e4tzte Lesezeit":"2\u00a0Minuten"},"schema":{"@context":"https:\/\/schema.org","@graph":[{"@type":"WebPage","@id":"https:\/\/www.mein-tagwerk.de\/tagwerk\/","url":"https:\/\/www.mein-tagwerk.de\/tagwerk\/","name":"Online genial einfache Buchhaltungssoftware f\u00fcr Freiberufler","isPartOf":{"@id":"https:\/\/www.mein-tagwerk.de\/tagwerk\/#website"},"datePublished":"2020-04-12T03:01:00+00:00","dateModified":"2021-12-07T18:54:07+00:00","description":"Online genial einfache Buchhaltungssoftware f\u00fcr Freiberufler, Selbstst\u00e4ndige and Kleinunternehmen. Experience meintagwerk now. automatisierte","breadcrumb":{"@id":"https:\/\/www.mein-tagwerk.de\/tagwerk\/#breadcrumb"},"inLanguage":"de","potentialAction":[{"@type":"ReadAction","target":["https:\/\/www.mein-tagwerk.de\/tagwerk\/"]}]},{"@type":"BreadcrumbList","@id":"https:\/\/www.mein-tagwerk.de\/tagwerk\/#breadcrumb","itemListElement":[{"@type":"ListItem","position":1,"name":"Home","item":"https:\/\/www.mein-tagwerk.de\/tagwerk\/"},{"@type":"ListItem","position":2,"name":"Genial einfache Buchhaltung"}]},{"@type":"WebSite","@id":"https:\/\/www.mein-tagwerk.de\/tagwerk\/#website","url":"https:\/\/www.mein-tagwerk.de\/tagwerk\/","name":"meintagwerk","description":"Online Buchhaltung f\u00fcr Freiberufler, Freelancer und Selbst\u00e4ndige","publisher":{"@id":"https:\/\/www.mein-tagwerk.de\/tagwerk\/#organization"},"potentialAction":[{"@type":"SearchAction","target":{"@type":"EntryPoint","urlTemplate":"https:\/\/www.mein-tagwerk.de\/tagwerk\/?s={search_term_string}"},"query-input":"required name=search_term_string"}],"inLanguage":"de"},{"@type":"Organization","@id":"https:\/\/www.mein-tagwerk.de\/tagwerk\/#organization","name":"tagwerk","url":"https:\/\/www.mein-tagwerk.de\/tagwerk\/","logo":{"@type":"ImageObject","inLanguage":"de","@id":"https:\/\/www.mein-tagwerk.de\/tagwerk\/#\/schema\/logo\/image\/","url":"https:\/\/www.mein-tagwerk.de\/tagwerk\/wp-content\/uploads\/2013\/08\/130611_logo-tagwerk-corporate.png","contentUrl":"https:\/\/www.mein-tagwerk.de\/tagwerk\/wp-content\/uploads\/2013\/08\/130611_logo-tagwerk-corporate.png","width":328,"height":140,"caption":"tagwerk"},"image":{"@id":"https:\/\/www.mein-tagwerk.de\/tagwerk\/#\/schema\/logo\/image\/"}}]}},"_links":{"self":[{"href":"https:\/\/www.mein-tagwerk.de\/tagwerk\/wp-json\/wp\/v2\/pages\/3506"}],"collection":[{"href":"https:\/\/www.mein-tagwerk.de\/tagwerk\/wp-json\/wp\/v2\/pages"}],"about":[{"href":"https:\/\/www.mein-tagwerk.de\/tagwerk\/wp-json\/wp\/v2\/types\/page"}],"author":[{"embeddable":true,"href":"https:\/\/www.mein-tagwerk.de\/tagwerk\/wp-json\/wp\/v2\/users\/2"}],"replies":[{"embeddable":true,"href":"https:\/\/www.mein-tagwerk.de\/tagwerk\/wp-json\/wp\/v2\/comments?post=3506"}],"version-history":[{"count":5,"href":"https:\/\/www.mein-tagwerk.de\/tagwerk\/wp-json\/wp\/v2\/pages\/3506\/revisions"}],"predecessor-version":[{"id":5233,"href":"https:\/\/www.mein-tagwerk.de\/tagwerk\/wp-json\/wp\/v2\/pages\/3506\/revisions\/5233"}],"wp:attachment":[{"href":"https:\/\/www.mein-tagwerk.de\/tagwerk\/wp-json\/wp\/v2\/media?parent=3506"}],"curies":[{"name":"wp","href":"https:\/\/api.w.org\/{rel}","templated":true}]}}