{"id":3699,"date":"2021-08-08T09:42:32","date_gmt":"2021-08-08T07:42:32","guid":{"rendered":"http:\/\/www.mein-tagwerk.de\/tagwerk\/?page_id=3699"},"modified":"2022-02-19T04:39:47","modified_gmt":"2022-02-19T03:39:47","slug":"zeiterfassung-online-2","status":"publish","type":"page","link":"https:\/\/www.mein-tagwerk.de\/tagwerk\/zeiterfassung-online-2\/","title":{"rendered":"Zeiterfassung online"},"content":{"rendered":"<h1>Zeiterfassung Online, kostenlos mit tagwerk. Erfasse Deine Arbeitszeit auch von unterwegs per Smartphone.<\/h1>\n<p>&nbsp;<\/p>\n<p><img loading=\"lazy\" decoding=\"async\" class=\"sub-page-image-1 alignright size-full wp-image-3713\" src=\"http:\/\/91.250.96.11\/tagwerk\/wp-content\/uploads\/2016\/06\/Zeiterfassung-Online-tagwerk-3.png\" alt=\"Zeiterfassung-Online-tagwerk-1\" width=\"600\" height=\"638\" srcset=\"https:\/\/www.mein-tagwerk.de\/tagwerk\/wp-content\/uploads\/2016\/06\/Zeiterfassung-Online-tagwerk-3.png 600w, https:\/\/www.mein-tagwerk.de\/tagwerk\/wp-content\/uploads\/2016\/06\/Zeiterfassung-Online-tagwerk-3-282x300.png 282w\" sizes=\"(max-width: 600px) 100vw, 600px\" \/><\/p>\n<h2><strong>Zeiterfassung f\u00fcr Freiberufler, Selbstst\u00e4ndige und Teams<\/strong><\/h2>\n<h2><\/h2>\n<p>Mit tagwerk Deine Arbeitszeiten schnell und unkompliziert online erfassen. \u00dcbersichtliche Berichte erm\u00f6glichen Dir eine vielseitige Auswertung Deiner Zeiten. Durch tagwerk wird das einfache Erfassen von Arbeitszeiten projektbezogen nach Kunden und T\u00e4tigkeiten m\u00f6glich. Die Erfassung erfolgt online, \u00fcber Deinen Desktop-Rechner oder unterwegs von Deinem Smartphone. L\u00e4sst sich auch im Team nutzen \u2013 ohne aufw\u00e4ndige Software-Installationen.<\/p>\n<p>Und jetzt die Rechnung schreiben! Deine Stundenzettel geben eine klare \u00dcbersicht und stehen als PDF oder EXCEL Export zur Verf\u00fcgung. Die Stunden lassen sich per Klick in die Rechnung integrieren und sofort steht Deine Rechnung an den Kunden bereit.<\/p>\n<p>&nbsp;<\/p>\n<p><span id=\"hs_cos_wrapper_module_14556658966841116\" class=\"hs_cos_wrapper hs_cos_wrapper_widget hs_cos_wrapper_type_raw_html\" style=\"color: #ff6600;\" data-hs-cos-general-type=\"widget\" data-hs-cos-type=\"raw_html\"><a style=\"color: #ff6600;\" href=\"\/tagwerk\/campus\/anmelden\/\" data-sumome-trigger=\"true\" data-sumome-listbuilder-id=\"2bf1d9e1-9758-4d61-a302-d41ccdc00b6f\">Teste unsere Zeiterfassung hier und jetzt. Kostenlos!<\/a><\/span><\/p>\n<p>&nbsp;<\/p>\n<h2><div class=\"tmnf-sc-quote boxed fullsize\"><p><a href=\"https:\/\/www.mein-tagwerk.de\/tagwerk\/rechnungswesen\/\"><img loading=\"lazy\" decoding=\"async\" class=\"alignleft wp-image-3744 size-thumbnail\" src=\"http:\/\/91.250.96.11\/tagwerk\/wp-content\/uploads\/2016\/06\/Zeiterfassung-GeraldMoll-tagwerk-150x150.png\" rel='prettyPhoto' alt=\"Zeiterfassung-Gerald Moll-tagwerk\" width=\"150\" height=\"150\" srcset=\"https:\/\/www.mein-tagwerk.de\/tagwerk\/wp-content\/uploads\/2016\/06\/Zeiterfassung-GeraldMoll-tagwerk-150x150.png 150w, https:\/\/www.mein-tagwerk.de\/tagwerk\/wp-content\/uploads\/2016\/06\/Zeiterfassung-GeraldMoll-tagwerk.png 271w\" sizes=\"(max-width: 150px) 100vw, 150px\" \/><\/a><span style=\"color: #333333;\"><a style=\"color: #333333;\" href=\"https:\/\/www.mein-tagwerk.de\/tagwerk\/rechnungswesen\/\">Zeiten dokumentieren und abrechnen.<\/a><\/span>&nbsp;&nbsp; <span style=\"color: #999999;\">Grundlage f\u00fcr Deine Buchhaltung findest Du in unserem Campus<br \/>\n<\/span><\/h2>\n<h2><\/p><\/div><\/h2>\n<p>&nbsp;<\/p>\n<h4>Weitere Leistungen<\/h4>\n<h4 class=\"sub-page-list-1\"><span style=\"color: #679a2b;\"><div class=\"threecol-one\"><a style=\"color: #679a2b;\" href=\"https:\/\/www.mein-tagwerk.de\/tagwerk\/buchhaltungssoftware\/\">Buchhaltungssoftware<\/a><\/div> <div class=\"threecol-one\"><a style=\"color: #679a2b;\" href=\"https:\/\/www.mein-tagwerk.de\/tagwerk\/stundensatz-berechnen-deine-freiberufliche-taetigkeit\/\">Stundensatz berechnen<\/a><\/div> <div class=\"threecol-one last\"><a style=\"color: #679a2b;\" href=\"https:\/\/www.mein-tagwerk.de\/tagwerk\/einnahmenueberschussrechnung-einnahmen-ueberschuss-rechnung\">Einnahmen\u00fcberschussrechnung <\/a><\/div><\/span><\/h4>\n<h4 class=\"sub-page-list-1\"><span style=\"color: #679a2b;\"><div class=\"threecol-one\"><a style=\"color: #679a2b;\" href=\"https:\/\/www.mein-tagwerk.de\/tagwerk\/rechnung-online\/\">Rechnung online<\/a><\/div> <div class=\"threecol-one\"><a style=\"color: #679a2b;\" href=\"https:\/\/www.mein-tagwerk.de\/tagwerk\/angebote-kalkulieren\/\">Angebote kalkulieren<\/a><\/div> <div class=\"threecol-one last\"><a style=\"color: #679a2b;\" href=\"https:\/\/www.mein-tagwerk.de\/tagwerk\/umsatzsteuervoranmeldung\/\">Umsatzsteuervoranmeldung<\/a><\/div> <\/span><\/h4>\n<h4 class=\"sub-page-list-1\"><span style=\"color: #679a2b;\"><div class=\"threecol-one\"><a style=\"color: #679a2b;\" href=\"https:\/\/www.mein-tagwerk.de\/tagwerk\/zeiterfassung-online\/\">Zeiterfassung<\/a><\/div> <div class=\"threecol-one\"><a style=\"color: #679a2b;\" href=\"https:\/\/www.mein-tagwerk.de\/tagwerk\/reisekostenabrechnung\/\">Reisekostenabrechnung<\/a><\/div> <div class=\"threecol-one last\"><a style=\"color: #679a2b;\" href=\"https:\/\/www.mein-tagwerk.de\/tagwerk\/belege-erfassen-app\/\">Belege erfassen<\/a><\/div> <\/span><\/h4>\n<p>&nbsp;<\/p>\n<p>&nbsp;<\/p>\n","protected":false},"excerpt":{"rendered":"<p>Zeiterfassung Online, kostenlos mit tagwerk. Erfasse Deine Arbeitszeit auch von unterwegs per Smartphone. &nbsp; Zeiterfassung f\u00fcr Freiberufler, Selbstst\u00e4ndige und Teams Mit tagwerk Deine Arbeitszeiten schnell und unkompliziert online erfassen. \u00dcbersichtliche Berichte erm\u00f6glichen Dir eine vielseitige Auswertung Deiner Zeiten. Durch tagwerk wird das einfache Erfassen von Arbeitszeiten projektbezogen nach Kunden und T\u00e4tigkeiten m\u00f6glich. Die Erfassung erfolgt [&#038;hellip<\/p>\n","protected":false},"author":2,"featured_media":0,"parent":0,"menu_order":0,"comment_status":"closed","ping_status":"closed","template":"template-fullwidth.php","meta":{"footnotes":""},"yoast_head":"<!-- This site is optimized with the Yoast SEO plugin v20.4 - https:\/\/yoast.com\/wordpress\/plugins\/seo\/ -->\n<title>Moderne Zeiterfassung online tool, rechner f\u00fcr Freiberufler, Selbstst\u00e4ndige<\/title>\n<meta name=\"description\" content=\"Moderne Zeiterfassung online tool, rechner f\u00fcr Freiberufler, Selbstst\u00e4ndige. Kostenlos. Erfasse Deine Arbeitszeit auch von unterwegs per phone\" \/>\n<meta name=\"robots\" content=\"index, follow, max-snippet:-1, max-image-preview:large, max-video-preview:-1\" \/>\n<link rel=\"canonical\" href=\"https:\/\/www.mein-tagwerk.de\/tagwerk\/zeiterfassung-online-2\/\" \/>\n<meta property=\"og:locale\" content=\"de_DE\" \/>\n<meta property=\"og:type\" content=\"article\" \/>\n<meta property=\"og:title\" content=\"Moderne Zeiterfassung online tool, rechner f\u00fcr Freiberufler, Selbstst\u00e4ndige\" \/>\n<meta property=\"og:description\" content=\"Moderne Zeiterfassung online tool, rechner f\u00fcr Freiberufler, Selbstst\u00e4ndige. Kostenlos. Erfasse Deine Arbeitszeit auch von unterwegs per phone\" \/>\n<meta property=\"og:url\" content=\"https:\/\/www.mein-tagwerk.de\/tagwerk\/zeiterfassung-online-2\/\" \/>\n<meta property=\"og:site_name\" content=\"meintagwerk\" \/>\n<meta property=\"article:modified_time\" content=\"2022-02-19T03:39:47+00:00\" \/>\n<meta property=\"og:image\" content=\"http:\/\/91.250.96.11\/tagwerk\/wp-content\/uploads\/2016\/06\/Zeiterfassung-Online-tagwerk-3.png\" \/>\n<meta name=\"twitter:card\" content=\"summary_large_image\" \/>\n<meta name=\"twitter:label1\" content=\"Gesch\u00e4tzte Lesezeit\" \/>\n\t<meta name=\"twitter:data1\" content=\"2\u00a0Minuten\" \/>\n<script type=\"application\/ld+json\" class=\"yoast-schema-graph\">{\"@context\":\"https:\/\/schema.org\",\"@graph\":[{\"@type\":\"WebPage\",\"@id\":\"https:\/\/www.mein-tagwerk.de\/tagwerk\/zeiterfassung-online-2\/\",\"url\":\"https:\/\/www.mein-tagwerk.de\/tagwerk\/zeiterfassung-online-2\/\",\"name\":\"Moderne Zeiterfassung online tool, rechner f\u00fcr Freiberufler, Selbstst\u00e4ndige\",\"isPartOf\":{\"@id\":\"https:\/\/www.mein-tagwerk.de\/tagwerk\/#website\"},\"datePublished\":\"2021-08-08T07:42:32+00:00\",\"dateModified\":\"2022-02-19T03:39:47+00:00\",\"description\":\"Moderne Zeiterfassung online tool, rechner f\u00fcr Freiberufler, Selbstst\u00e4ndige. Kostenlos. Erfasse Deine Arbeitszeit auch von unterwegs per phone\",\"breadcrumb\":{\"@id\":\"https:\/\/www.mein-tagwerk.de\/tagwerk\/zeiterfassung-online-2\/#breadcrumb\"},\"inLanguage\":\"de\",\"potentialAction\":[{\"@type\":\"ReadAction\",\"target\":[\"https:\/\/www.mein-tagwerk.de\/tagwerk\/zeiterfassung-online-2\/\"]}]},{\"@type\":\"BreadcrumbList\",\"@id\":\"https:\/\/www.mein-tagwerk.de\/tagwerk\/zeiterfassung-online-2\/#breadcrumb\",\"itemListElement\":[{\"@type\":\"ListItem\",\"position\":1,\"name\":\"Home\",\"item\":\"https:\/\/www.mein-tagwerk.de\/tagwerk\/\"},{\"@type\":\"ListItem\",\"position\":2,\"name\":\"Zeiterfassung online\"}]},{\"@type\":\"WebSite\",\"@id\":\"https:\/\/www.mein-tagwerk.de\/tagwerk\/#website\",\"url\":\"https:\/\/www.mein-tagwerk.de\/tagwerk\/\",\"name\":\"meintagwerk\",\"description\":\"Online Buchhaltung f\u00fcr Freiberufler, Freelancer und Selbst\u00e4ndige\",\"publisher\":{\"@id\":\"https:\/\/www.mein-tagwerk.de\/tagwerk\/#organization\"},\"potentialAction\":[{\"@type\":\"SearchAction\",\"target\":{\"@type\":\"EntryPoint\",\"urlTemplate\":\"https:\/\/www.mein-tagwerk.de\/tagwerk\/?s={search_term_string}\"},\"query-input\":\"required name=search_term_string\"}],\"inLanguage\":\"de\"},{\"@type\":\"Organization\",\"@id\":\"https:\/\/www.mein-tagwerk.de\/tagwerk\/#organization\",\"name\":\"tagwerk\",\"url\":\"https:\/\/www.mein-tagwerk.de\/tagwerk\/\",\"logo\":{\"@type\":\"ImageObject\",\"inLanguage\":\"de\",\"@id\":\"https:\/\/www.mein-tagwerk.de\/tagwerk\/#\/schema\/logo\/image\/\",\"url\":\"https:\/\/www.mein-tagwerk.de\/tagwerk\/wp-content\/uploads\/2013\/08\/130611_logo-tagwerk-corporate.png\",\"contentUrl\":\"https:\/\/www.mein-tagwerk.de\/tagwerk\/wp-content\/uploads\/2013\/08\/130611_logo-tagwerk-corporate.png\",\"width\":328,\"height\":140,\"caption\":\"tagwerk\"},\"image\":{\"@id\":\"https:\/\/www.mein-tagwerk.de\/tagwerk\/#\/schema\/logo\/image\/\"}}]}<\/script>\n<!-- \/ Yoast SEO plugin. -->","yoast_head_json":{"title":"Moderne Zeiterfassung online tool, rechner f\u00fcr Freiberufler, Selbstst\u00e4ndige","description":"Moderne Zeiterfassung online tool, rechner f\u00fcr Freiberufler, Selbstst\u00e4ndige. Kostenlos. Erfasse Deine Arbeitszeit auch von unterwegs per phone","robots":{"index":"index","follow":"follow","max-snippet":"max-snippet:-1","max-image-preview":"max-image-preview:large","max-video-preview":"max-video-preview:-1"},"canonical":"https:\/\/www.mein-tagwerk.de\/tagwerk\/zeiterfassung-online-2\/","og_locale":"de_DE","og_type":"article","og_title":"Moderne Zeiterfassung online tool, rechner f\u00fcr Freiberufler, Selbstst\u00e4ndige","og_description":"Moderne Zeiterfassung online tool, rechner f\u00fcr Freiberufler, Selbstst\u00e4ndige. Kostenlos. Erfasse Deine Arbeitszeit auch von unterwegs per phone","og_url":"https:\/\/www.mein-tagwerk.de\/tagwerk\/zeiterfassung-online-2\/","og_site_name":"meintagwerk","article_modified_time":"2022-02-19T03:39:47+00:00","og_image":[{"url":"http:\/\/91.250.96.11\/tagwerk\/wp-content\/uploads\/2016\/06\/Zeiterfassung-Online-tagwerk-3.png"}],"twitter_card":"summary_large_image","twitter_misc":{"Gesch\u00e4tzte Lesezeit":"2\u00a0Minuten"},"schema":{"@context":"https:\/\/schema.org","@graph":[{"@type":"WebPage","@id":"https:\/\/www.mein-tagwerk.de\/tagwerk\/zeiterfassung-online-2\/","url":"https:\/\/www.mein-tagwerk.de\/tagwerk\/zeiterfassung-online-2\/","name":"Moderne Zeiterfassung online tool, rechner f\u00fcr Freiberufler, Selbstst\u00e4ndige","isPartOf":{"@id":"https:\/\/www.mein-tagwerk.de\/tagwerk\/#website"},"datePublished":"2021-08-08T07:42:32+00:00","dateModified":"2022-02-19T03:39:47+00:00","description":"Moderne Zeiterfassung online tool, rechner f\u00fcr Freiberufler, Selbstst\u00e4ndige. Kostenlos. Erfasse Deine Arbeitszeit auch von unterwegs per phone","breadcrumb":{"@id":"https:\/\/www.mein-tagwerk.de\/tagwerk\/zeiterfassung-online-2\/#breadcrumb"},"inLanguage":"de","potentialAction":[{"@type":"ReadAction","target":["https:\/\/www.mein-tagwerk.de\/tagwerk\/zeiterfassung-online-2\/"]}]},{"@type":"BreadcrumbList","@id":"https:\/\/www.mein-tagwerk.de\/tagwerk\/zeiterfassung-online-2\/#breadcrumb","itemListElement":[{"@type":"ListItem","position":1,"name":"Home","item":"https:\/\/www.mein-tagwerk.de\/tagwerk\/"},{"@type":"ListItem","position":2,"name":"Zeiterfassung online"}]},{"@type":"WebSite","@id":"https:\/\/www.mein-tagwerk.de\/tagwerk\/#website","url":"https:\/\/www.mein-tagwerk.de\/tagwerk\/","name":"meintagwerk","description":"Online Buchhaltung f\u00fcr Freiberufler, Freelancer und Selbst\u00e4ndige","publisher":{"@id":"https:\/\/www.mein-tagwerk.de\/tagwerk\/#organization"},"potentialAction":[{"@type":"SearchAction","target":{"@type":"EntryPoint","urlTemplate":"https:\/\/www.mein-tagwerk.de\/tagwerk\/?s={search_term_string}"},"query-input":"required name=search_term_string"}],"inLanguage":"de"},{"@type":"Organization","@id":"https:\/\/www.mein-tagwerk.de\/tagwerk\/#organization","name":"tagwerk","url":"https:\/\/www.mein-tagwerk.de\/tagwerk\/","logo":{"@type":"ImageObject","inLanguage":"de","@id":"https:\/\/www.mein-tagwerk.de\/tagwerk\/#\/schema\/logo\/image\/","url":"https:\/\/www.mein-tagwerk.de\/tagwerk\/wp-content\/uploads\/2013\/08\/130611_logo-tagwerk-corporate.png","contentUrl":"https:\/\/www.mein-tagwerk.de\/tagwerk\/wp-content\/uploads\/2013\/08\/130611_logo-tagwerk-corporate.png","width":328,"height":140,"caption":"tagwerk"},"image":{"@id":"https:\/\/www.mein-tagwerk.de\/tagwerk\/#\/schema\/logo\/image\/"}}]}},"_links":{"self":[{"href":"https:\/\/www.mein-tagwerk.de\/tagwerk\/wp-json\/wp\/v2\/pages\/3699"}],"collection":[{"href":"https:\/\/www.mein-tagwerk.de\/tagwerk\/wp-json\/wp\/v2\/pages"}],"about":[{"href":"https:\/\/www.mein-tagwerk.de\/tagwerk\/wp-json\/wp\/v2\/types\/page"}],"author":[{"embeddable":true,"href":"https:\/\/www.mein-tagwerk.de\/tagwerk\/wp-json\/wp\/v2\/users\/2"}],"replies":[{"embeddable":true,"href":"https:\/\/www.mein-tagwerk.de\/tagwerk\/wp-json\/wp\/v2\/comments?post=3699"}],"version-history":[{"count":3,"href":"https:\/\/www.mein-tagwerk.de\/tagwerk\/wp-json\/wp\/v2\/pages\/3699\/revisions"}],"predecessor-version":[{"id":5299,"href":"https:\/\/www.mein-tagwerk.de\/tagwerk\/wp-json\/wp\/v2\/pages\/3699\/revisions\/5299"}],"wp:attachment":[{"href":"https:\/\/www.mein-tagwerk.de\/tagwerk\/wp-json\/wp\/v2\/media?parent=3699"}],"curies":[{"name":"wp","href":"https:\/\/api.w.org\/{rel}","templated":true}]}}