{"id":3988,"date":"2021-08-10T14:16:56","date_gmt":"2021-08-10T12:16:56","guid":{"rendered":"http:\/\/www.mein-tagwerk.de\/tagwerk\/?page_id=3988"},"modified":"2022-05-20T16:08:55","modified_gmt":"2022-05-20T14:08:55","slug":"buchhaltung-selber-machen","status":"publish","type":"page","link":"https:\/\/www.mein-tagwerk.de\/tagwerk\/buchhaltung-selber-machen\/","title":{"rendered":"Buchhaltung selber machen!"},"content":{"rendered":"<p>&nbsp;<\/p>\n<h1>So machst Du Deine Buchhaltung selber! Und sparst auch noch bis zu 500 \u20ac dabei an Steuerberatergeb\u00fchren. Garantiert!<\/h1>\n<p>&nbsp;<\/p>\n<p><img loading=\"lazy\" decoding=\"async\" class=\"alignleft wp-image-3995\" src=\"http:\/\/91.250.96.11\/tagwerk\/wp-content\/uploads\/2017\/06\/Buchhaltung-selber-machen-1.png\" alt=\"Buchhaltung-selber-machen-1\" width=\"1024\" height=\"550\" srcset=\"https:\/\/www.mein-tagwerk.de\/tagwerk\/wp-content\/uploads\/2017\/06\/Buchhaltung-selber-machen-1.png 920w, https:\/\/www.mein-tagwerk.de\/tagwerk\/wp-content\/uploads\/2017\/06\/Buchhaltung-selber-machen-1-300x161.png 300w, https:\/\/www.mein-tagwerk.de\/tagwerk\/wp-content\/uploads\/2017\/06\/Buchhaltung-selber-machen-1-768x412.png 768w, https:\/\/www.mein-tagwerk.de\/tagwerk\/wp-content\/uploads\/2017\/06\/Buchhaltung-selber-machen-1-622x334.png 622w\" sizes=\"(max-width: 1024px) 100vw, 1024px\" \/><\/p>\n<p>&nbsp;<\/p>\n<h1><\/h1>\n<h1><\/h1>\n<h1><\/h1>\n<h2>Buchhaltung selber machen?<\/h2>\n<p>Du m\u00f6chtest\u00a0 Deine Buchhaltung selber machen, aber nicht zuviel Zeit damit verbringen weil dir die Zeit zu schade ist &#8211; oder dir die Nerven fehlen, st\u00e4ndig Belege zu buchen? Dann nutze unsere Online Buchhaltungssoftware und optional \u00fcbernimmt ein Buchhaltungsservice den Rest! Ob Rechnungs\u00fcberpr\u00fcfung, Zahlungseing\u00e4nge oder Monats-, Jahresabschluss und Co.: Buchhalter und Steuerberater aus unserem Netzwerk \u00fcbernehmen das f\u00fcr dich.<\/p>\n<p>&nbsp;<\/p>\n<p>Dabei sparst du obendrauf noch bis zu 45 Prozent der \u00fcblichen Steuerbaratungs-Kosten, das sind schnell \u00fcber 500 \u20ac im Jahr. Und beh\u00e4ltst trotzdem alle wichtigen Projekte, Ums\u00e4tze und Rechnungen jederzeit und von \u00fcberall im Blick. Just relax!<\/p>\n<p>&nbsp;<\/p>\n<p>&nbsp;<\/p>\n<p><img loading=\"lazy\" decoding=\"async\" class=\"alignleft wp-image-3899 size-medium\" src=\"http:\/\/91.250.96.11\/tagwerk\/wp-content\/uploads\/2017\/04\/Patrick-Vogel-meintagwerk_1-300x300.png\" alt=\"Patrick-Vogel-meintagwerk-1\" width=\"300\" height=\"300\" srcset=\"https:\/\/www.mein-tagwerk.de\/tagwerk\/wp-content\/uploads\/2017\/04\/Patrick-Vogel-meintagwerk_1-300x300.png 300w, https:\/\/www.mein-tagwerk.de\/tagwerk\/wp-content\/uploads\/2017\/04\/Patrick-Vogel-meintagwerk_1-150x150.png 150w, https:\/\/www.mein-tagwerk.de\/tagwerk\/wp-content\/uploads\/2017\/04\/Patrick-Vogel-meintagwerk_1.png 500w\" sizes=\"(max-width: 300px) 100vw, 300px\" \/><\/p>\n<p><span style=\"color: #999999;\">\u00bbmeintagwerk kenne ich durch eigene Recherche und seitdem ich es nutze bin ich deutlich entspannter. Ich nutze es haupts\u00e4chlich daf\u00fcr, dass ich stressfrei meinem Job nachgehen kann und das es mir das Leben als Selbstst\u00e4ndiger leichter macht.\u00ab<\/span><\/p>\n<p>&nbsp;<\/p>\n<p><span style=\"color: #ff6600;\"><a style=\"color: #ff6600;\" href=\"https:\/\/www.mein-tagwerk.de\/tagwerk\/patrick-geniesst-die-freiheit\/\">So macht Patrick seine Buchhaltung mit meintagwerk &#8211; hier Patrick kennen lernen<\/a><\/span><\/p>\n<div style=\"width: 100%; padding-top: 30px;\" align=\"right\">\n<p>&nbsp;<\/p>\n<\/div>\n<p><div class=\"tmnf-sc-hr\"><\/div><br \/>\n<a href=\"https:\/\/www.gruenderlexikon.de\/checkliste\/fuehren\/buchfuehrung-vorbereiten\/buchfuehrung-online\/#c9025\" target=\"_blank\" rel=\"noopener noreferrer\"><img loading=\"lazy\" decoding=\"async\" class=\"alignright wp-image-3931 size-full\" src=\"http:\/\/91.250.96.11\/tagwerk\/wp-content\/uploads\/2014\/12\/topprodukt.png\" rel='prettyPhoto' alt=\"meintagwerk, gruenderlexikon, freiberufler, Anmelden, projektbuchhaltung, gruendersehr empfehlenswert\" width=\"150\" height=\"150\" \/><\/a><\/p>\n<p>&nbsp;<\/p>\n<h2 style=\"text-align: left;\">Getestet und f\u00fcr top befunden, meintagwerk f\u00fcr Freelancer und Gr\u00fcnder. Jetzt ausprobieren!<\/h2>\n<div class=\"tmnf-sc-hr\"><\/div>\n<p>&nbsp;<\/p>\n<h2 style=\"text-align: center;\"><span style=\"color: #ff6600;\">Teste kostenlos! Alles f\u00fcr Deine einfache Buchhaltung!<\/span><\/h2>\n<p>&nbsp;<\/p>\n<div style=\"width: 100%; padding-top: 30px;\" align=\"center\">\n<p class=\"block-wrap\" style=\"width: 300px;\"><a class=\"blogmore\" href=\"\/tagwerk\/campus\/anmelden\/\"><i class=\"icon-arrow-right\"><\/i> Jetzt meintagwerk kennen lernen!<\/a><\/p>\n<p class=\"block-wrap\" style=\"width: 300px;\">\n<\/div>\n","protected":false},"excerpt":{"rendered":"<p>&nbsp; So machst Du Deine Buchhaltung selber! Und sparst auch noch bis zu 500 \u20ac dabei an Steuerberatergeb\u00fchren. Garantiert! &nbsp; &nbsp; Buchhaltung selber machen? Du m\u00f6chtest\u00a0 Deine Buchhaltung selber machen, aber nicht zuviel Zeit damit verbringen weil dir die Zeit zu schade ist &#8211; oder dir die Nerven fehlen, st\u00e4ndig Belege zu buchen? Dann nutze [&#038;hellip<\/p>\n","protected":false},"author":4,"featured_media":0,"parent":0,"menu_order":0,"comment_status":"closed","ping_status":"closed","template":"template-fullwidth.php","meta":{"footnotes":""},"yoast_head":"<!-- This site is optimized with the Yoast SEO plugin v20.4 - https:\/\/yoast.com\/wordpress\/plugins\/seo\/ -->\n<title>Buchhaltung selber machen! | meintagwerk<\/title>\n<meta name=\"description\" content=\"Du m\u00f6chtest Deine Buchhaltung selber machen, aber nicht zuviel Zeit damit verbringen weil dir die Zeit zu schade ist?\" \/>\n<meta name=\"robots\" content=\"index, follow, max-snippet:-1, max-image-preview:large, max-video-preview:-1\" \/>\n<link rel=\"canonical\" href=\"https:\/\/www.mein-tagwerk.de\/tagwerk\/buchhaltung-selber-machen\/\" \/>\n<meta property=\"og:locale\" content=\"de_DE\" \/>\n<meta property=\"og:type\" content=\"article\" \/>\n<meta property=\"og:title\" content=\"Buchhaltung selber machen! | meintagwerk\" \/>\n<meta property=\"og:description\" content=\"Du m\u00f6chtest Deine Buchhaltung selber machen, aber nicht zuviel Zeit damit verbringen weil dir die Zeit zu schade ist?\" \/>\n<meta property=\"og:url\" content=\"https:\/\/www.mein-tagwerk.de\/tagwerk\/buchhaltung-selber-machen\/\" \/>\n<meta property=\"og:site_name\" content=\"meintagwerk\" \/>\n<meta property=\"article:modified_time\" content=\"2022-05-20T14:08:55+00:00\" \/>\n<meta property=\"og:image\" content=\"http:\/\/91.250.96.11\/tagwerk\/wp-content\/uploads\/2017\/06\/Buchhaltung-selber-machen-1.png\" \/>\n<meta name=\"twitter:card\" content=\"summary_large_image\" \/>\n<meta name=\"twitter:label1\" content=\"Gesch\u00e4tzte Lesezeit\" \/>\n\t<meta name=\"twitter:data1\" content=\"2\u00a0Minuten\" \/>\n<script type=\"application\/ld+json\" class=\"yoast-schema-graph\">{\"@context\":\"https:\/\/schema.org\",\"@graph\":[{\"@type\":\"WebPage\",\"@id\":\"https:\/\/www.mein-tagwerk.de\/tagwerk\/buchhaltung-selber-machen\/\",\"url\":\"https:\/\/www.mein-tagwerk.de\/tagwerk\/buchhaltung-selber-machen\/\",\"name\":\"Buchhaltung selber machen! | meintagwerk\",\"isPartOf\":{\"@id\":\"https:\/\/www.mein-tagwerk.de\/tagwerk\/#website\"},\"datePublished\":\"2021-08-10T12:16:56+00:00\",\"dateModified\":\"2022-05-20T14:08:55+00:00\",\"description\":\"Du m\u00f6chtest Deine Buchhaltung selber machen, aber nicht zuviel Zeit damit verbringen weil dir die Zeit zu schade ist?\",\"breadcrumb\":{\"@id\":\"https:\/\/www.mein-tagwerk.de\/tagwerk\/buchhaltung-selber-machen\/#breadcrumb\"},\"inLanguage\":\"de\",\"potentialAction\":[{\"@type\":\"ReadAction\",\"target\":[\"https:\/\/www.mein-tagwerk.de\/tagwerk\/buchhaltung-selber-machen\/\"]}]},{\"@type\":\"BreadcrumbList\",\"@id\":\"https:\/\/www.mein-tagwerk.de\/tagwerk\/buchhaltung-selber-machen\/#breadcrumb\",\"itemListElement\":[{\"@type\":\"ListItem\",\"position\":1,\"name\":\"Home\",\"item\":\"https:\/\/www.mein-tagwerk.de\/tagwerk\/\"},{\"@type\":\"ListItem\",\"position\":2,\"name\":\"Buchhaltung selber machen!\"}]},{\"@type\":\"WebSite\",\"@id\":\"https:\/\/www.mein-tagwerk.de\/tagwerk\/#website\",\"url\":\"https:\/\/www.mein-tagwerk.de\/tagwerk\/\",\"name\":\"meintagwerk\",\"description\":\"Online Buchhaltung f\u00fcr Freiberufler, Freelancer und Selbst\u00e4ndige\",\"publisher\":{\"@id\":\"https:\/\/www.mein-tagwerk.de\/tagwerk\/#organization\"},\"potentialAction\":[{\"@type\":\"SearchAction\",\"target\":{\"@type\":\"EntryPoint\",\"urlTemplate\":\"https:\/\/www.mein-tagwerk.de\/tagwerk\/?s={search_term_string}\"},\"query-input\":\"required name=search_term_string\"}],\"inLanguage\":\"de\"},{\"@type\":\"Organization\",\"@id\":\"https:\/\/www.mein-tagwerk.de\/tagwerk\/#organization\",\"name\":\"tagwerk\",\"url\":\"https:\/\/www.mein-tagwerk.de\/tagwerk\/\",\"logo\":{\"@type\":\"ImageObject\",\"inLanguage\":\"de\",\"@id\":\"https:\/\/www.mein-tagwerk.de\/tagwerk\/#\/schema\/logo\/image\/\",\"url\":\"https:\/\/www.mein-tagwerk.de\/tagwerk\/wp-content\/uploads\/2013\/08\/130611_logo-tagwerk-corporate.png\",\"contentUrl\":\"https:\/\/www.mein-tagwerk.de\/tagwerk\/wp-content\/uploads\/2013\/08\/130611_logo-tagwerk-corporate.png\",\"width\":328,\"height\":140,\"caption\":\"tagwerk\"},\"image\":{\"@id\":\"https:\/\/www.mein-tagwerk.de\/tagwerk\/#\/schema\/logo\/image\/\"}}]}<\/script>\n<!-- \/ Yoast SEO plugin. -->","yoast_head_json":{"title":"Buchhaltung selber machen! | meintagwerk","description":"Du m\u00f6chtest Deine Buchhaltung selber machen, aber nicht zuviel Zeit damit verbringen weil dir die Zeit zu schade ist?","robots":{"index":"index","follow":"follow","max-snippet":"max-snippet:-1","max-image-preview":"max-image-preview:large","max-video-preview":"max-video-preview:-1"},"canonical":"https:\/\/www.mein-tagwerk.de\/tagwerk\/buchhaltung-selber-machen\/","og_locale":"de_DE","og_type":"article","og_title":"Buchhaltung selber machen! | meintagwerk","og_description":"Du m\u00f6chtest Deine Buchhaltung selber machen, aber nicht zuviel Zeit damit verbringen weil dir die Zeit zu schade ist?","og_url":"https:\/\/www.mein-tagwerk.de\/tagwerk\/buchhaltung-selber-machen\/","og_site_name":"meintagwerk","article_modified_time":"2022-05-20T14:08:55+00:00","og_image":[{"url":"http:\/\/91.250.96.11\/tagwerk\/wp-content\/uploads\/2017\/06\/Buchhaltung-selber-machen-1.png"}],"twitter_card":"summary_large_image","twitter_misc":{"Gesch\u00e4tzte Lesezeit":"2\u00a0Minuten"},"schema":{"@context":"https:\/\/schema.org","@graph":[{"@type":"WebPage","@id":"https:\/\/www.mein-tagwerk.de\/tagwerk\/buchhaltung-selber-machen\/","url":"https:\/\/www.mein-tagwerk.de\/tagwerk\/buchhaltung-selber-machen\/","name":"Buchhaltung selber machen! | meintagwerk","isPartOf":{"@id":"https:\/\/www.mein-tagwerk.de\/tagwerk\/#website"},"datePublished":"2021-08-10T12:16:56+00:00","dateModified":"2022-05-20T14:08:55+00:00","description":"Du m\u00f6chtest Deine Buchhaltung selber machen, aber nicht zuviel Zeit damit verbringen weil dir die Zeit zu schade ist?","breadcrumb":{"@id":"https:\/\/www.mein-tagwerk.de\/tagwerk\/buchhaltung-selber-machen\/#breadcrumb"},"inLanguage":"de","potentialAction":[{"@type":"ReadAction","target":["https:\/\/www.mein-tagwerk.de\/tagwerk\/buchhaltung-selber-machen\/"]}]},{"@type":"BreadcrumbList","@id":"https:\/\/www.mein-tagwerk.de\/tagwerk\/buchhaltung-selber-machen\/#breadcrumb","itemListElement":[{"@type":"ListItem","position":1,"name":"Home","item":"https:\/\/www.mein-tagwerk.de\/tagwerk\/"},{"@type":"ListItem","position":2,"name":"Buchhaltung selber machen!"}]},{"@type":"WebSite","@id":"https:\/\/www.mein-tagwerk.de\/tagwerk\/#website","url":"https:\/\/www.mein-tagwerk.de\/tagwerk\/","name":"meintagwerk","description":"Online Buchhaltung f\u00fcr Freiberufler, Freelancer und Selbst\u00e4ndige","publisher":{"@id":"https:\/\/www.mein-tagwerk.de\/tagwerk\/#organization"},"potentialAction":[{"@type":"SearchAction","target":{"@type":"EntryPoint","urlTemplate":"https:\/\/www.mein-tagwerk.de\/tagwerk\/?s={search_term_string}"},"query-input":"required name=search_term_string"}],"inLanguage":"de"},{"@type":"Organization","@id":"https:\/\/www.mein-tagwerk.de\/tagwerk\/#organization","name":"tagwerk","url":"https:\/\/www.mein-tagwerk.de\/tagwerk\/","logo":{"@type":"ImageObject","inLanguage":"de","@id":"https:\/\/www.mein-tagwerk.de\/tagwerk\/#\/schema\/logo\/image\/","url":"https:\/\/www.mein-tagwerk.de\/tagwerk\/wp-content\/uploads\/2013\/08\/130611_logo-tagwerk-corporate.png","contentUrl":"https:\/\/www.mein-tagwerk.de\/tagwerk\/wp-content\/uploads\/2013\/08\/130611_logo-tagwerk-corporate.png","width":328,"height":140,"caption":"tagwerk"},"image":{"@id":"https:\/\/www.mein-tagwerk.de\/tagwerk\/#\/schema\/logo\/image\/"}}]}},"_links":{"self":[{"href":"https:\/\/www.mein-tagwerk.de\/tagwerk\/wp-json\/wp\/v2\/pages\/3988"}],"collection":[{"href":"https:\/\/www.mein-tagwerk.de\/tagwerk\/wp-json\/wp\/v2\/pages"}],"about":[{"href":"https:\/\/www.mein-tagwerk.de\/tagwerk\/wp-json\/wp\/v2\/types\/page"}],"author":[{"embeddable":true,"href":"https:\/\/www.mein-tagwerk.de\/tagwerk\/wp-json\/wp\/v2\/users\/4"}],"replies":[{"embeddable":true,"href":"https:\/\/www.mein-tagwerk.de\/tagwerk\/wp-json\/wp\/v2\/comments?post=3988"}],"version-history":[{"count":3,"href":"https:\/\/www.mein-tagwerk.de\/tagwerk\/wp-json\/wp\/v2\/pages\/3988\/revisions"}],"predecessor-version":[{"id":5600,"href":"https:\/\/www.mein-tagwerk.de\/tagwerk\/wp-json\/wp\/v2\/pages\/3988\/revisions\/5600"}],"wp:attachment":[{"href":"https:\/\/www.mein-tagwerk.de\/tagwerk\/wp-json\/wp\/v2\/media?parent=3988"}],"curies":[{"name":"wp","href":"https:\/\/api.w.org\/{rel}","templated":true}]}}